{"id":136,"date":"2010-02-28T12:19:51","date_gmt":"2010-02-28T12:19:51","guid":{"rendered":"http:\/\/192.168.100.253\/.redirected\/esblueht.de\/?page_id=136"},"modified":"2010-03-05T19:56:46","modified_gmt":"2010-03-05T19:56:46","slug":"nicht-geleistete-pflichtstunden-sind-entgeltlich-zu-entrichten","status":"publish","type":"page","link":"https:\/\/www.es-blueht.de\/?page_id=136","title":{"rendered":"Nicht geleistete Pflichtstunden sind entgeltlich zu entrichten"},"content":{"rendered":"<div class=\"page-restrict-output\"><p>Mit Beschl\u00fcssen der Mitgliederversammlung gilt f\u00fcr alle Mitglieder: Die Verg\u00fctung f\u00fcr nicht geleistete Gemeinschaftsstunden darf dem Lohn eines Arbeitnehmers in der freien Wirtschaft entsprechen.<\/p>\n<p><strong>Urteil des Amtsgerichts Stollberg vom 21.05.1996 Az. 1 C 1215\/95<\/strong><\/p>\n<p>In dem streitigen Verfahren wurde der Kleing\u00e4rtner mit einer Zahlungsverpflichtung f\u00fcr 8 nicht geleistete Gemeinschaftsstunden in H\u00f6he von 160,00 DM, d.h. von 20,00 DM\/nicht geleitstete Stunde, belegt.<\/p>\n<p>Der Kleing\u00e4rtner verweigerte die Zahlung mit der Begr\u00fcndung, sowohl die Anzahl der Pflichtstunden als auch der Kostenansatz mit 20,00 DM pro Stunde seien zu hoch.<\/p>\n<p><strong>Das Amtsgericht stellt fest:<\/strong><\/p>\n<p><strong>1.<\/strong> <em>Der Verein darf Pflichtstunden festsetzen und im Falle der Verweigerung eine Verg\u00fctung f\u00fcr nicht geleistete Stunden verlangen.<\/em><\/p>\n<p>Wesentliche Verpflichtungen der Vereinsmitglieder m\u00fcssen in der Vereinssatzung festgelegt werden. Es ist ausreichend, dass in der Vereinssatzung steht, dass Gemeinschaftsstunden geleistet werden m\u00fcssen.<\/p>\n<p>Das nach der Satzung zust\u00e4ndige Gremium \u2013 die Mitgliederversammlung \u2013 kann die<\/p>\n<p>H\u00f6he der Gemeinschaftsstunden festlegen, ebenso die H\u00f6he der Verg\u00fctung f\u00fcr nicht geleistete Gemeinschaftsstunden.<\/p>\n<p><strong>2.<\/strong> <em>Alle Vereinsmitglieder sind an die Entscheidungen der Mitgliederversammlung gebunden.<\/em><\/p>\n<p>Hat die Mitgliederversammlung mehrheitlich \u00fcber die H\u00f6he der Gemeinschaftsstunden und die H\u00f6he der Verg\u00fctung f\u00fcr nicht geleistete Gemeinschaftsstunden entschieden, sind alle Vereinsmitglieder daran gebunden.<\/p>\n<p>Es kommt nicht darauf an, dass jeder Einzelne mit dieser Festsetzung einverstanden war. Dies entspricht den allgemeinen Regeln des Vereinsrechts, wonach die mit Mehrheit gefassten Beschl\u00fcsse der Mitgliederversammlung f\u00fcr alle Vereinsmitglieder verbindlich sind.<\/p>\n<p><strong>3.<\/strong> <em>Die Verg\u00fctung f\u00fcr nicht geleistete Gemeinschaftsstunden darf mindestens den Stundenlohn eines Arbeiters in der freien Wirtschaft betragen.<\/em><\/p>\n<p>Das Gericht f\u00fchrt auf, dass der Kleing\u00e4rtner mit der Verweigerung seiner Gemeinschaftsarbeiten dem Verein einen wirtschaftlichen Schaden zuf\u00fcgt. Er muss sich notfalls diese Leistung auf dem freien Markt erkaufen und daf\u00fcr den entsprechenden Arbeitslohn entrichten. Das Gericht erlaubt dem Verein, die Verg\u00fctung sogar etwas h\u00f6her zu setzen, als der \u00fcbliche Arbeitslohn. Im Interesse des Vereines sei es, Mitglieder nicht durch niedrige Verg\u00fctungss\u00e4tze zu animieren, einen Geldbetrag zu zahlen, anstatt einen Beitrag f\u00fcr die Gemeinschaft zu leisten.<\/p>\n<\/div>","protected":false},"excerpt":{"rendered":"<div class=\"page-restrict-output\"><p>Mit Beschl\u00fcssen der Mitgliederversammlung gilt f\u00fcr alle Mitglieder: Die Verg\u00fctung f\u00fcr nicht geleistete Gemeinschaftsstunden darf dem Lohn eines Arbeitnehmers in der freien Wirtschaft entsprechen. Urteil des Amtsgerichts Stollberg vom 21.05.1996 Az. 1 C 1215\/95 In dem streitigen Verfahren wurde der Kleing\u00e4rtner mit einer Zahlungsverpflichtung f\u00fcr 8 nicht geleistete Gemeinschaftsstunden in H\u00f6he von 160,00 DM, d.h. [&hellip;]<\/p>\n<\/div>","protected":false},"author":54,"featured_media":0,"parent":126,"menu_order":2,"comment_status":"closed","ping_status":"closed","template":"","meta":{"ngg_post_thumbnail":0,"footnotes":""},"class_list":["post-136","page","type-page","status-publish","hentry"],"_links":{"self":[{"href":"https:\/\/www.es-blueht.de\/index.php?rest_route=\/wp\/v2\/pages\/136","targetHints":{"allow":["GET"]}}],"collection":[{"href":"https:\/\/www.es-blueht.de\/index.php?rest_route=\/wp\/v2\/pages"}],"about":[{"href":"https:\/\/www.es-blueht.de\/index.php?rest_route=\/wp\/v2\/types\/page"}],"author":[{"embeddable":true,"href":"https:\/\/www.es-blueht.de\/index.php?rest_route=\/wp\/v2\/users\/54"}],"replies":[{"embeddable":true,"href":"https:\/\/www.es-blueht.de\/index.php?rest_route=%2Fwp%2Fv2%2Fcomments&post=136"}],"version-history":[{"count":7,"href":"https:\/\/www.es-blueht.de\/index.php?rest_route=\/wp\/v2\/pages\/136\/revisions"}],"predecessor-version":[{"id":139,"href":"https:\/\/www.es-blueht.de\/index.php?rest_route=\/wp\/v2\/pages\/136\/revisions\/139"}],"up":[{"embeddable":true,"href":"https:\/\/www.es-blueht.de\/index.php?rest_route=\/wp\/v2\/pages\/126"}],"wp:attachment":[{"href":"https:\/\/www.es-blueht.de\/index.php?rest_route=%2Fwp%2Fv2%2Fmedia&parent=136"}],"curies":[{"name":"wp","href":"https:\/\/api.w.org\/{rel}","templated":true}]}}