{"id":14,"date":"2010-02-27T17:20:06","date_gmt":"2010-02-27T17:20:06","guid":{"rendered":"http:\/\/192.168.100.253\/.redirected\/esblueht.de\/?page_id=14"},"modified":"2018-05-28T10:06:42","modified_gmt":"2018-05-28T09:06:42","slug":"der-schrebergarten","status":"publish","type":"page","link":"https:\/\/www.es-blueht.de\/?page_id=14","title":{"rendered":"Der Schrebergarten"},"content":{"rendered":"<div class=\"page-restrict-output\"><h3><strong>Was ist ein Schrebergarten?<img loading=\"lazy\" decoding=\"async\" class=\"alignright size-thumbnail wp-image-164\" title=\"blume101\" src=\"https:\/\/www.es-blueht.de\/wp-content\/uploads\/2010\/02\/blume101-150x150.jpg\" alt=\"\" width=\"150\" height=\"150\"><\/strong><\/h3>\n<p>Schrebergarten, Garten, der dem Nutzer zur nichterwerbsm\u00e4\u00dfigen g\u00e4rtnerischen Nutzung, insbesondere zur Gewinnung von Gartenbauerzeugnissen f\u00fcr den Eigenbedarf, und zur Erholung dient und in einer Anlage liegt, in der mehrere Einzelg\u00e4rten mit gemeinschaftlichen Einrichtungen zusammengefasst sind (\u00a7 1 Bundeskleingartengesetz vom 28. 2. 1983).<\/p>\n<p>Der Kleingarten soll nicht gr\u00f6\u00dfer als 400 m\u00b2 sein, die auf dem Grundst\u00fcck zu errichtende Laube soll die Grundfl\u00e4che von 24 m\u00b2 nicht \u00fcberschreiten.<\/p>\n<p>Die Kleingartenbewegung l\u00e4sst sich bis zum Beginn des 19. Jahrhunderts zur\u00fcckverfolgen. 1864 richtete Ernst Innozenz Hauschild (*1808, \u2020 1866), nach den Ideen des Arztes D. G. Schreber, in Leipzig Spielpl\u00e4tze mit Beeten f\u00fcr Kinder ein, denen in der Folgezeit G\u00e4rten f\u00fcr Erwachsene angegliedert wurden. Die Kleing\u00e4rtner sind heute organisatorisch zusammengeschlossen; die Landesverb\u00e4nde, Stadtverb\u00e4nde und Vereine vertreten kleing\u00e4rtnerische Interessen, z. B. bei K\u00fcndigungen, durch Landbeschaffung, Darlehen und genossenschaftlichem Bezug von Pflanzen, D\u00fcnger und Ger\u00e4ten sowie durch Fachschulung und Werbung.<\/p>\n<p><img loading=\"lazy\" decoding=\"async\" class=\"size-medium wp-image-92   alignleft\" title=\"schreb101\" src=\"https:\/\/www.es-blueht.de\/wp-content\/uploads\/2010\/02\/schreb101-300x225.jpg\" alt=\"\" width=\"300\" height=\"225\" srcset=\"https:\/\/www.es-blueht.de\/wp-content\/uploads\/2010\/02\/schreb101-300x225.jpg 300w, https:\/\/www.es-blueht.de\/wp-content\/uploads\/2010\/02\/schreb101.jpg 320w\" sizes=\"auto, (max-width: 300px) 100vw, 300px\" \/><\/p>\n<h3><strong>Gehen Sie doch mal im Kleingarten spazieren.<\/strong><\/h3>\n<p>Kleing\u00e4rten sind bl\u00fchende Oasen im Beton der St\u00e4dte, Erholungsraum f\u00fcr gestresste Menschen und R\u00fcckzugsgebiet f\u00fcr viele Tier- und Pflanzenarten. Mit ihren \u00fcppig gr\u00fcnenden Parzellen bringen sie Lebensqualit\u00e4t und Freude in die Stadt \u2013 und das zum Nulltarif f\u00fcr die Kommunen.<\/p>\n<p>Die gepflegten Wege durch Gartenanlagen sind allgemein \u00f6ffentlich zug\u00e4nglich. Dass das nur wenige wissen, ist eigentlich schade, denn es lohnt sich, durch die Anlagen der Kleing\u00e4rtner zu schlendern und vielleicht auf einer Bank zu verweilen. Zu sehen gibt es jede Menge: Etwa V\u00f6gel, die sonst nur noch selten zu finden sind. Sie finden in den abwechslungsreichen Biotopen Nahrung und Lebensraum. \u201eViele Kleing\u00e4rtner bieten \u201aN\u00fctzlingen\u2018 gezielt Unterschlupf in Nistk\u00e4sten, Totholzhaufen oder \u201aInsektenhotels\u2018\u201c wei\u00df Theresia Theobald, Gesch\u00e4ftsf\u00fchrerin des Bundesverbandes Deutscher Gartenfreunde e.V. (BDG), Dachverband von \u00fcber einer Million Kleing\u00e4rtner. \u201eNaturerlebnisraum Kleingarten\u201c ist denn auch das Motto am Tag des Gartens.<\/p>\n<h3><strong>Nat\u00fcrlicher \u201eStaubsauger\u201c<\/strong><img loading=\"lazy\" decoding=\"async\" class=\"size-medium wp-image-93 alignright\" title=\"schreb102\" src=\"https:\/\/www.es-blueht.de\/wp-content\/uploads\/2010\/02\/schreb102-300x225.jpg\" alt=\"\" width=\"300\" height=\"225\" srcset=\"https:\/\/www.es-blueht.de\/wp-content\/uploads\/2010\/02\/schreb102-300x225.jpg 300w, https:\/\/www.es-blueht.de\/wp-content\/uploads\/2010\/02\/schreb102.jpg 320w\" sizes=\"auto, (max-width: 300px) 100vw, 300px\" \/><\/h3>\n<p>Wer so durch die G\u00e4rten flaniert, kann dabei richtig durchatmen. Denn Kleing\u00e4rten sind nat\u00fcrliche \u201eStaubsauger\u201c und \u201eKlimaanlagen\u201c. Sie reinigen die Luft. Bereits ein Hektar Gr\u00fcnfl\u00e4che ver\u00e4ndert das Klima sp\u00fcrbar positiv. Davon profitieren auch die Anwohner. \u201eDeshalb\u201c, so Theresia Theobald mit Blickrichtung auf die Kommunalverwaltungen, \u201egeh\u00f6ren die Kleing\u00e4rten auch in die St\u00e4dte \u2013 und nicht drau\u00dfen vor die Stadt.&#8220; Denn neben der Erholung in Wohnungsn\u00e4he haben die G\u00e4rten als Teil des \u00f6ffentlichen Gr\u00fcns auch eine wichtige \u00f6kologische Funktion in der Stadt. Viele Kommunen nutzen das inzwischen und verkn\u00fcpfen verschiedene Kleingartenanlagen durch Gr\u00fcnz\u00fcge zu ausgedehnten \u201eKleingartenparks\u201c.<\/p>\n<h3><strong>Spielplatz Natur<\/strong><\/h3>\n<p>F\u00fcr Stadtkinder sind Kleing\u00e4rten wunderbare Erlebnisr\u00e4ume. \u00dcbrigens unterhalten viele Kleing\u00e4rtnervereine Spielpl\u00e4tze, die auch von kleinen Besuchern benutzt werden d\u00fcrfen. Andere Vereine unterst\u00fctzen Schulg\u00e4rten oder haben Lehr- und Lerng\u00e4rten eingerichtet, die besichtigt werden k\u00f6nnen. Weitere Infos hierzu auf der Webseite des BDG: <strong><a href=\"www.kleingarten-bund.de\" target=\"_blank\" rel=\"noopener\">www.kleingarten-bund.de<\/a><\/strong> unter der Rubrik \u201eWas gibt\u2019s Neues\u201c.<\/p>\n<h3><strong>Kontakte \u00fcber den Gartenzaun<\/strong><\/h3>\n<p>\u201eF\u00fcr Familien mit mehreren Kindern kann ein Kleingarten den kaum noch erschwinglichen Urlaub ersetzen\u201c, meint die BDG-Gesch\u00e4ftsf\u00fchrerin und weist darauf hin, dass Familien in vielen Kleing\u00e4rtnervereinen besonders gern gesehen sind. Kleing\u00e4rten sind ein Miniaturkaleidoskop unserer Gesellschaft, ob Paar mit oder ohne Kind (und mit oder ohne Trauschein), Gro\u00dfeltern mit Enkeln, Singles oder Alleinerziehende, Akademiker oder Arbeiter, Deutsche oder Zugewanderte: Alle lieben ihr G\u00e4rtchen, und der Verein ist ein wichtiger Integrationsfaktor. Anders als in anderen Bereichen der Gesellschaft helfen sich Kleing\u00e4rtner gegenseitig. Und freuen sich am Tag des Gartens \u00fcber Besuch.<\/p>\n<p>Also: Wie w\u00e4re es mit einem Spaziergang durch die n\u00e4chste Kleingartenanlage?<\/p>\n<p>Mehr Bewegung und \u00f6fter mal an die frische Luft: Solche guten Vors\u00e4tze pflegt der Stadtmensch gern zum Jahresanfang zu fassen &#8211; und in der Hektik des Alltags dann schnell wieder zu vergessen. Doch es gibt ein gutes Frischluft-Rezept gegen Alltagsstress, bei dem zugleich noch gesundes Obst und Gem\u00fcse abf\u00e4llt: <strong>Einen Kleingarten pachten!<\/strong><\/p>\n<p>Daf\u00fcr ist jetzt genau die richtige Zeit!<\/p>\n<\/div>","protected":false},"excerpt":{"rendered":"<div class=\"page-restrict-output\"><p>Was ist ein Schrebergarten? Schrebergarten, Garten, der dem Nutzer zur nichterwerbsm\u00e4\u00dfigen g\u00e4rtnerischen Nutzung, insbesondere zur Gewinnung von Gartenbauerzeugnissen f\u00fcr den Eigenbedarf, und zur Erholung dient und in einer Anlage liegt, in der mehrere Einzelg\u00e4rten mit gemeinschaftlichen Einrichtungen zusammengefasst sind (\u00a7 1 Bundeskleingartengesetz vom 28. 2. 1983). Der Kleingarten soll nicht gr\u00f6\u00dfer als 400 m\u00b2 sein, [&hellip;]<\/p>\n<\/div>","protected":false},"author":54,"featured_media":0,"parent":12,"menu_order":3,"comment_status":"closed","ping_status":"closed","template":"","meta":{"ngg_post_thumbnail":0,"footnotes":""},"class_list":["post-14","page","type-page","status-publish","hentry"],"_links":{"self":[{"href":"https:\/\/www.es-blueht.de\/index.php?rest_route=\/wp\/v2\/pages\/14","targetHints":{"allow":["GET"]}}],"collection":[{"href":"https:\/\/www.es-blueht.de\/index.php?rest_route=\/wp\/v2\/pages"}],"about":[{"href":"https:\/\/www.es-blueht.de\/index.php?rest_route=\/wp\/v2\/types\/page"}],"author":[{"embeddable":true,"href":"https:\/\/www.es-blueht.de\/index.php?rest_route=\/wp\/v2\/users\/54"}],"replies":[{"embeddable":true,"href":"https:\/\/www.es-blueht.de\/index.php?rest_route=%2Fwp%2Fv2%2Fcomments&post=14"}],"version-history":[{"count":24,"href":"https:\/\/www.es-blueht.de\/index.php?rest_route=\/wp\/v2\/pages\/14\/revisions"}],"predecessor-version":[{"id":2212,"href":"https:\/\/www.es-blueht.de\/index.php?rest_route=\/wp\/v2\/pages\/14\/revisions\/2212"}],"up":[{"embeddable":true,"href":"https:\/\/www.es-blueht.de\/index.php?rest_route=\/wp\/v2\/pages\/12"}],"wp:attachment":[{"href":"https:\/\/www.es-blueht.de\/index.php?rest_route=%2Fwp%2Fv2%2Fmedia&parent=14"}],"curies":[{"name":"wp","href":"https:\/\/api.w.org\/{rel}","templated":true}]}}