{"id":3125,"date":"2021-09-01T08:21:41","date_gmt":"2021-09-01T07:21:41","guid":{"rendered":"http:\/\/www.es-blueht.de\/?page_id=3125"},"modified":"2021-09-24T06:43:24","modified_gmt":"2021-09-24T05:43:24","slug":"100-jahre-es-blueht-e-v","status":"publish","type":"page","link":"https:\/\/www.es-blueht.de\/?page_id=3125","title":{"rendered":"100 Jahre Es Bl\u00fcht e.V."},"content":{"rendered":"<div class=\"page-restrict-output\"><p><a href=\"?page_id=498\">\u00ab Zur\u00fcck zur \u00dcbersicht<\/a><\/p>\nngg_shortcode_0_placeholder\n<p><a href=\"?page_id=498\">\u00ab Zur\u00fcck zur \u00dcbersicht<\/a><\/p>\n<p>&nbsp;<\/p>\n<table style=\"width: 100%;\">\n<tbody>\n<tr style=\"background-color: #7aa228;\">\n<td style=\"width: 100%; height: 24px;\"><strong><span style=\"color: #ffffff;\">100 Jahre Es bl\u00fcht e.V. &#8211; Video<\/span><\/strong><\/td>\n<\/tr>\n<tr>\n<td style=\"width: 100%; background-color: #fffbdb;\">\n<p><iframe loading=\"lazy\" src=\"https:\/\/www.youtube.com\/embed\/DOJR99-YT34\" width=\"720\" height=\"400\" frameborder=\"0\" allowfullscreen=\"allowfullscreen\"><span data-mce-type=\"bookmark\" style=\"display: inline-block; width: 0px; overflow: hidden; line-height: 0;\" class=\"mce_SELRES_start\">\ufeff<\/span><span data-mce-type=\"bookmark\" style=\"display: inline-block; width: 0px; overflow: hidden; line-height: 0;\" class=\"mce_SELRES_start\">\ufeff<\/span><\/iframe><\/p>\n<\/td>\n<\/tr>\n<\/tbody>\n<\/table>\n<p>Wer m\u00f6chte kann zu den hier gezeigten Bildern und Videos einen Kommentar hinterlassen.<\/p>\n<\/div>","protected":false},"excerpt":{"rendered":"<div class=\"page-restrict-output\"><p>\u00ab Zur\u00fcck zur \u00dcbersicht \u00ab Zur\u00fcck zur \u00dcbersicht &nbsp; 100 Jahre Es bl\u00fcht e.V. &#8211; Video \ufeff\ufeff Wer m\u00f6chte kann zu den hier gezeigten Bildern und Videos einen Kommentar hinterlassen.<\/p>\n<\/div>","protected":false},"author":2,"featured_media":0,"parent":0,"menu_order":0,"comment_status":"open","ping_status":"closed","template":"","meta":{"ngg_post_thumbnail":0,"footnotes":""},"class_list":["post-3125","page","type-page","status-publish","hentry"],"_links":{"self":[{"href":"https:\/\/www.es-blueht.de\/index.php?rest_route=\/wp\/v2\/pages\/3125","targetHints":{"allow":["GET"]}}],"collection":[{"href":"https:\/\/www.es-blueht.de\/index.php?rest_route=\/wp\/v2\/pages"}],"about":[{"href":"https:\/\/www.es-blueht.de\/index.php?rest_route=\/wp\/v2\/types\/page"}],"author":[{"embeddable":true,"href":"https:\/\/www.es-blueht.de\/index.php?rest_route=\/wp\/v2\/users\/2"}],"replies":[{"embeddable":true,"href":"https:\/\/www.es-blueht.de\/index.php?rest_route=%2Fwp%2Fv2%2Fcomments&post=3125"}],"version-history":[{"count":5,"href":"https:\/\/www.es-blueht.de\/index.php?rest_route=\/wp\/v2\/pages\/3125\/revisions"}],"predecessor-version":[{"id":3143,"href":"https:\/\/www.es-blueht.de\/index.php?rest_route=\/wp\/v2\/pages\/3125\/revisions\/3143"}],"wp:attachment":[{"href":"https:\/\/www.es-blueht.de\/index.php?rest_route=%2Fwp%2Fv2%2Fmedia&parent=3125"}],"curies":[{"name":"wp","href":"https:\/\/api.w.org\/{rel}","templated":true}]}}