{"id":455,"date":"2010-04-08T15:43:01","date_gmt":"2010-04-08T15:43:01","guid":{"rendered":"http:\/\/www.es-blueht.de\/?page_id=455"},"modified":"2018-05-28T10:34:30","modified_gmt":"2018-05-28T09:34:30","slug":"benutzerkennung","status":"publish","type":"page","link":"https:\/\/www.es-blueht.de\/?page_id=455","title":{"rendered":"Benutzerkennung"},"content":{"rendered":"<div class=\"page-restrict-output\"><p>F\u00fcr den internen Bereich dieser Webseite und einige interne Meldungen unter <a href=\"https:\/\/www.es-blueht.de\/?page_id=205\"><strong>Aktuelles<\/strong><\/a> ist eine pers\u00f6nliche Benutzerkennung notwendig. Diese wird durch den Admin vergeben. \u00dcber dieses <a href=\"https:\/\/www.es-blueht.de\/?page_id=443\"><strong>Formular<\/strong><\/a> k\u00f6nnen sich alle Vereinsmitglieder unter Angabe ihres vollst\u00e4ndigen Namens und ihrer Parzellennummer ihre pers\u00f6nliche Benutzerkennung zuschicken lassen.<\/p>\n<p>Es wird eine g\u00fcltige E-Mail Adresse ben\u00f6tigt. An diese wird dann die Benutzerkennung und das Kennwort verschickt. Die angegebene E-Mail Adresse wird nicht an Dritte weitergegeben und nur zur Registrierung der Benutzerkennung verwendet. Beachten Sie bitte unsere <a href=\"https:\/\/www.es-blueht.de\/?page_id=2056\"><strong>Datenschutzerkl\u00e4rung<\/strong><\/a>.<\/p>\n<\/div>","protected":false},"excerpt":{"rendered":"<div class=\"page-restrict-output\"><p>F\u00fcr den internen Bereich dieser Webseite und einige interne Meldungen unter Aktuelles ist eine pers\u00f6nliche Benutzerkennung notwendig. Diese wird durch den Admin vergeben. \u00dcber dieses Formular k\u00f6nnen sich alle Vereinsmitglieder unter Angabe ihres vollst\u00e4ndigen Namens und ihrer Parzellennummer ihre pers\u00f6nliche Benutzerkennung zuschicken lassen. Es wird eine g\u00fcltige E-Mail Adresse ben\u00f6tigt. An diese wird dann die [&hellip;]<\/p>\n<\/div>","protected":false},"author":2,"featured_media":0,"parent":12,"menu_order":99,"comment_status":"closed","ping_status":"closed","template":"","meta":{"ngg_post_thumbnail":0,"footnotes":""},"class_list":["post-455","page","type-page","status-publish","hentry"],"_links":{"self":[{"href":"https:\/\/www.es-blueht.de\/index.php?rest_route=\/wp\/v2\/pages\/455","targetHints":{"allow":["GET"]}}],"collection":[{"href":"https:\/\/www.es-blueht.de\/index.php?rest_route=\/wp\/v2\/pages"}],"about":[{"href":"https:\/\/www.es-blueht.de\/index.php?rest_route=\/wp\/v2\/types\/page"}],"author":[{"embeddable":true,"href":"https:\/\/www.es-blueht.de\/index.php?rest_route=\/wp\/v2\/users\/2"}],"replies":[{"embeddable":true,"href":"https:\/\/www.es-blueht.de\/index.php?rest_route=%2Fwp%2Fv2%2Fcomments&post=455"}],"version-history":[{"count":16,"href":"https:\/\/www.es-blueht.de\/index.php?rest_route=\/wp\/v2\/pages\/455\/revisions"}],"predecessor-version":[{"id":2237,"href":"https:\/\/www.es-blueht.de\/index.php?rest_route=\/wp\/v2\/pages\/455\/revisions\/2237"}],"up":[{"embeddable":true,"href":"https:\/\/www.es-blueht.de\/index.php?rest_route=\/wp\/v2\/pages\/12"}],"wp:attachment":[{"href":"https:\/\/www.es-blueht.de\/index.php?rest_route=%2Fwp%2Fv2%2Fmedia&parent=455"}],"curies":[{"name":"wp","href":"https:\/\/api.w.org\/{rel}","templated":true}]}}